 Let u(a) = 4*a + 10. Let r(s) = -2*s - 5. Let p(l) = 9*r(l) + 4*u(l). Give p(z).
5
Let u(d) be the third derivative of d**6/40 + d**5/20 - d**3/6 - 125*d**2. Give u(-2).
-13
Let k(v) = -4*v + 9. Let w(p) = -5*p + 10. Let f(c) = 4*k(c) - 3*w(c). Let z be f(4). Let l(s) = 8*s. What is l(z)?
16
Let i(l) = -8*l - 10. Let v(a) = -a - 1. Let r(y) = i(y) - 5*v(y). Suppose f = -o + 6*f - 9, -5*o = 2*f + 18. Give r(o).
7
Let v(f) = -f**2 + 7*f - 9. Let w = -934 + 940. Determine v(w).
-3
Let l(d) = 43*d + 3. Let f be l(-1). Let k be (-4)/6*180/f. Let r(u) = -1 + 2 - 2 + k + u. What is r(4)?
6
Let n(a) = 66*a + 6 + 75*a - 135*a + 2*a**2 - 6*a**2 - a**3. Give n(-5).
1
Let c(k) = -3*k**2 + 82*k + 58. Let x be c(28). Let g(f) = f**3 - 4*f**2 + 3*f + 1. Give g(x).
-1
Let c(t) = t**3 + 4*t**2 - 2*t + 4. Let w be 25/10*(-16)/10. Determine c(w).
12
Let r(x) = -x**2 + 10*x - 12. Suppose 0 = -2*g + f + 20, 36*g = 39*g - 5*f - 37. Calculate r(g).
-3
Let c = 10 - 2. Let o = 8 - c. Suppose o*k = -3*k. Let l(m) = -m + 1. Calculate l(k).
1
Let x be (-32)/24*(-9)/(-2). Let o(j) = -j**3 - 6*j**2 - 3*j + 1. Determine o(x).
19
Let z(w) = -w - 22. Suppose 4*a - 16 = 0, -4*l - 3*a = -l + 27. What is z(l)?
-9
Let f(g) = 3*g. Let v be (-1 - 0)*(-35)/7. What is f(v)?
15
Let w(y) = -2*y - 6. Let v(u) = -5*u - 15. Let x(n) = 3*v(n) - 8*w(n). Give x(7).
10
Let x = 537 + -550. Let l(f) = -f**3 - 12*f**2 + 7*f - 19. Determine l(x).
59
Let m = 459 + -444. Let t(o) = -o**2 + 12*o + 21. Determine t(m).
-24
Let h(i) = i**2 - 3*i + 1. Let f be h(2). Let c(k) = -k - 2 - 4270*k**2 + 4255*k**2 + 1. Calculate c(f).
-15
Let j(s) be the first derivative of s**6/360 - s**5/20 + s**4/8 + s**3/3 + 6. Let i(m) be the third derivative of j(m). Give i(5).
-2
Let u(j) be the first derivative of j**4/12 + j**3/6 + j**2/2 + 24*j - 33. Let c(v) be the first derivative of u(v). Determine c(0).
1
Let t(g) = 7*g**3 + 8*g**2 + 3*g + 3. Let y(h) = -h - h**2 + 3*h**3 - h**3 - 2*h**3 - h**3. Let d(c) = -t(c) - 6*y(c). What is d(-4)?
17
Let u(o) = -4*o - 7. Let r(w) = -w - 1. Let z(f) = -6*r(f) + u(f). Determine z(2).
3
Let b(j) = 4*j**2 - j - 4. Suppose -5*r - p = -17, 22 = 5*r + 3*p + 1. Give b(r).
29
Let g(b) = 2*b + 10. Suppose -73*f = -25*f + 240. What is g(f)?
0
Suppose 4*r + 5*z - 1 = 0, 3*r - 6*z + z = -8. Let p(k) = -k**3 - k**2 + 1. What is p(r)?
1
Let s(n) = n**3 - 11*n**2 - 12*n + 3. Let b be s(12). Let z(q) = -16*q**3 + 0 + 7*q**2 + 17*q**b + 5*q - 8. Give z(-6).
-2
Suppose 2*r + 0*f = 4*f - 18, -5*r + 5*f - 25 = 0. Let b(t) = -4*t + 4. Let p be (-17)/5 - (-27)/(-45). Let i(k) = k + 1. Let h(d) = p*i(d) + b(d). Give h(r).
8
Let t(b) be the second derivative of -b**3/6 - 3*b**2/2 - 606*b. Suppose -5*u = 3*j - 33, 0 = 4*j - 4. Determine t(u).
-9
Let k(l) = 7*l + 1. Suppose -7*i - 14 = -6*i + 3*q, 0 = -2*i - 5*q - 23. Give k(i).
8
Let f(y) = y - 7. Let m(z) = z + 13. Let p be m(-10). Let j = 0 + 3. Suppose -2*r - 8 = 0, -10 = -u + j*r - p. Calculate f(u).
-12
Suppose 0 = 24*x - 5*x. Let q(f) = f**2 + 2*f + 7. Let b(y) = y. Let i(l) = 3*b(l) - q(l). Determine i(x).
-7
Let w(g) = g + 2. Let b(r) = r**2 - 8*r + 7. Let l be b(2). Give w(l).
-3
Let i be (-297)/(-27) - 8/1. Let l(h) = -h**3 - 2*h**2 + 5*h - 2. Determine l(i).
-32
Let k(g) = g**3 - g**2 - g + 1. Let x be k(0). Suppose -x = 5*i - l - 9, -5*i + 5*l + 20 = 0. Suppose -i = -o - 5. Let c(p) = p**2 + p - 2. Determine c(o).
10
Suppose s = -5*n + 19, -2*n + 3*s - 5 - 1 = 0. Let v(d) = 5 + 6*d - n*d**2 - 3*d**2 - d**2 + d**2 - d**3. Give v(-7).
12
Let d(m) = -26*m - 8. Let k be 8/12 + 31/3. Let h(l) = 9*l + 8 - 15 + 6 + 4. Let z(n) = k*h(n) + 4*d(n). Calculate z(-1).
6
Let r(s) = s**2 - 6*s - 43. Let g be r(-4). Let h(y) = -y**3 - y**2 + 5*y + 4. Calculate h(g).
7
Let n(y) be the first derivative of 25*y**4/4 - y**3/3 + y - 2. Let f(t) = 47*t + 2868. Let i be f(-61). Determine n(i).
25
Suppose 3*v = 4*v + 2, -5*h + 3*v + 31 = 0. Suppose h*u - 87 = -12. Let i = u - 15. Let g(j) = j**2 + 4. Calculate g(i).
4
Let w(t) = -4 - 2*t**2 - t - 2*t**2 - 1946*t**3 + 1947*t**3. Determine w(4).
-8
Let d(u) = -29*u**3 + 43*u**3 - 1 - 24*u**3 + 3*u**2 - 3*u**2 - 2*u. Let w(a) = -a**2 - 8*a - 8. Let q be w(-7). Give d(q).
11
Let f(a) = -a**3 - 3*a**2 + 2. Let m = 23 - 16. Suppose 4*k = -3*o - 6, -k = -4*o - 6*k - m. Let g(u) = u**2 - 2*u - 3. Let z be g(o). Give f(z).
2
Suppose 2*f = 34 - 0. Let l(p) = -18 - f + 59 - 23 + 7*p. Give l(1).
8
Let a(v) = v - 1. Let j be a(-1). Let d be j/((-4)/(-2)*1). Let l be (8/10)/(d/5). Let k(g) = -g**3 - 4*g**2 - g. Determine k(l).
4
Let o(i) = 60*i - 21. Let b(u) = -11*u + 4. Let y(r) = -22*b(r) - 4*o(r). Let z(f) = f**3 - 3*f**2 - 2*f - 3. Let d be z(4). What is y(d)?
6
Let o(n) = 2*n + 2. Let b(h) = -16*h + 7. Let d(z) = -b(z) + 4*o(z). Calculate d(-1).
-23
Let y(u) = -2*u - 5. Let t(b) = -6*b**2 + 12*b + 9. Let s(g) = -7*g**2 + 12*g + 9. Let i(x) = -5*s(x) + 6*t(x). Let j be i(12). Let r = j - 14. Determine y(r).
5
Let l(z) = 11 - 385*z**2 + 384*z**2 + 0 - 4*z. Determine l(-7).
-10
Let a(m) = -m**3 - 3*m**2 + 4*m + 4. Let v = 68 - 100. Let s = v + 29. What is a(s)?
-8
Let k(c) = -4*c + 1. Let f(u) = -18*u + 10. Let d(l) = -f(l) + 3*k(l). What is d(-4)?
-31
Let p(l) = 6*l**2 - 7*l + 12*l - 5*l - l**3 + 4. Let w(y) = -y - 2. Let s be w(7). Let z be (-4)/(-3)*s/(-2). Give p(z).
4
Let w(i) = 0*i - 5*i**3 + 4*i**3 + 4 - 2*i - 5*i**2. Suppose 6*x + 5*x - 66 = 0. Let g be x*8/(-12) + 0. Calculate w(g).
-4
Let a(j) = -j**3 - 8*j**2 + 10*j + 13. Let s be a(-9). Suppose -12 = -5*x + 2*x. Let n(h) = -7*h + x + 2*h + 4*h. Calculate n(s).
0
Suppose 2*m = -5*d + 24, 3*d - 4*m - 31 = -1. Let k(r) = r**3 + r**2 + 0*r**3 + 6 + r**2 + r - 8*r**2. Determine k(d).
12
Let m(s) = 12*s**2 + 7*s - 12. Let c(i) = 17 + i - 6*i - 145*i**2 - 5*i + 127*i**2. Let p(a) = -5*c(a) - 7*m(a). Let h = -2 + 3. Calculate p(h).
6
Suppose -n - v - 9 = 0, -n - 5*v - 6 = -7*v. Let z(c) = c**3 + 7*c**2 - 9*c - 4. What is z(n)?
4
Let b(v) = -v**3 - 4*v**2 - 5*v - 5. Suppose -2*y - 5*k - 19 = -y, -y - 3*k - 13 = 0. What is b(y)?
15
Let i(y) = -9*y. Let n = 73 + -110. Let g = n + 38. Determine i(g).
-9
Suppose 10 = 4*u - 4*m + 5*m, 2*m = -4. Let o = 10 + -8. Let g(l) = 3 + l**o - u*l - l - 2*l + 0. Determine g(5).
-2
Let h(x) = -x + 2. Let z = -56 + 42. Let t = -19 - z. Calculate h(t).
7
Let k(h) = 42*h - 38. Let n be k(1). Let v(i) = 2*i**2 - 7*i + 2. What is v(n)?
6
Let f(b) = -3*b + 36. Let m be f(10). Let k(c) = -c**3 + 5*c**2 + 7*c + 1. Give k(m).
7
Let w = -10 - -10. Let p(t) be the third derivative of t**5/60 - t**3/3 - 17*t**2. Give p(w).
-2
Let s(f) = -6*f**3 + 19*f**2 + 41*f - 42. Let k(m) = -m**3 + 4*m**2 + 8*m - 8. Let l(t) = 11*k(t) - 2*s(t). Calculate l(-5).
-9
Let s = -46 - -56. Let q(x) = -x + x + x + s - 2*x. Give q(7).
3
Let y(v) be the second derivative of -v**7/140 + v**6/360 + v**5/60 + v**4/24 + 29*v**3/6 + 7*v. Let k(p) be the second derivative of y(p). Give k(-1).
6
Let o = 100 + -95. Let l(b) = o*b - 10*b - 11*b. Give l(1).
-16
Let x(t) = -14*t**3 - 10*t**2 + 38*t - 22. Let z(j) = 5*j**3 + 3*j**2 - 13*j + 8. Let k(l) = -4*x(l) - 11*z(l). Determine k(-8).
8
Suppose -y + 2*y = -4*x - 27, -3*x + 3*y - 24 = 0. Let d(v) = -2*v + 3*v + 6*v**2 + 6*v + 5 - 5*v**2. Give d(x).
5
Suppose 5*a + 14 = n + 4, 0 = 4*n. Let k(o) = -o**3 - 5*o**2 - 6*o - 2. Let w be k(-4). Let b(t) = -w + 0*t + 2*t + 5. Calculate b(a).
-5
Let h(q) be the second derivative of q**4/12 - 3*q**3/2 + 9*q**2/2 + 5*q. Let n(x) = -x**3 + 4. Let v be n(0). Suppose t = 3 + v. Give h(t).
-5
Let w = -34 - -36. Let g(o) = -8*o**w - 1 - 2*o + o - o. Determine g(-1).
-7
Let i(t) be the third derivative of -t**4/24 + 2*t**3/3 - 20*t**2. Suppose 3*l - 18 = 2*s + s, 2*l = -2*s + 4. Let g be l + -1 + (1 - 2). Calculate i(g).
2
Let p(c) = c**3 + 5*c - 6. Let j(t) = 2*t**2 + t - 1. Let k(g) = -2*j(g) + p(g). What is k(3)?
-4
Suppose -5*y + 6 = 4*i, 3*i + 9 = 4*y - 2. Suppose -p + y*w + 2 + 2 = 0, 0 = 3*p + w - 12. Let f(q) = -p*q**2 + 3*q**2 + 2*q**2 - 3*q - 6. Determine f(5).
4
Let i(g) = g**3 + 7*g**2 + 6*g - 1. Let c be i(-6). Let u(a) = a. Let v(w) = -4*w - 2. Let h(y) = c*v(y) - 6*u(y). Let k = 1 - 4. What is h(k)?
8
Let u(z) = z**3 - 3*z**2 - 4*z + 5. Let a(o) = 18*o + 58. Let h be a(-3). 